 of 964?
4
What is the units digit of 380?
0
What is the hundreds digit of 713?
7
What is the units digit of 2243?
3
What is the units digit of 2482?
2
What is the units digit of 4762?
2
What is the thousands digit of 138004?
8
What is the units digit of 324?
4
What is the ten thousands digit of 11375?
1
What is the tens digit of 105741?
4
What is the hundreds digit of 208?
2
What is the units digit of 61627?
7
What is the ten thousands digit of 81154?
8
What is the hundreds digit of 4497?
4
What is the units digit of 2440?
0
What is the tens digit of 96310?
1
What is the ten thousands digit of 10339?
1
What is the hundreds digit of 34198?
1
What is the tens digit of 385?
8
What is the units digit of 717?
7
What is the tens digit of 3167?
6
What is the hundreds digit of 76413?
4
What is the thousands digit of 24576?
4
What is the tens digit of 14376?
7
What is the ten thousands digit of 167803?
6
What is the units digit of 1461?
1
What is the hundreds digit of 316?
3
What is the units digit of 937?
7
What is the units digit of 57552?
2
What is the hundreds digit of 5066?
0
What is the thousands digit of 2055?
2
What is the tens digit of 60?
6
What is the thousands digit of 3898?
3
What is the hundreds digit of 1868?
8
What is the tens digit of 1196?
9
What is the units digit of 412?
2
What is the hundreds digit of 11000?
0
What is the hundreds digit of 4951?
9
What is the thousands digit of 2288?
2
What is the hundreds digit of 985?
9
What is the thousands digit of 18344?
8
What is the units digit of 1119?
9
What is the thousands digit of 6413?
6
What is the units digit of 3189?
9
What is the units digit of 3350?
0
What is the units digit of 752?
2
What is the tens digit of 7445?
4
What is the tens digit of 5776?
7
What is the tens digit of 583?
8
What is the hundreds digit of 455?
4
What is the thousands digit of 1384?
1
What is the tens digit of 423?
2
What is the thousands digit of 47281?
7
What is the units digit of 22294?
4
What is the hundreds digit of 3116?
1
What is the hundreds digit of 43540?
5
What is the ten thousands digit of 167169?
6
What is the tens digit of 20227?
2
What is the hundreds digit of 783?
7
What is the units digit of 25624?
4
What is the hundreds digit of 4908?
9
What is the hundreds digit of 375?
3
What is the thousands digit of 36180?
6
What is the ten thousands digit of 80810?
8
What is the thousands digit of 13576?
3
What is the hundreds digit of 4217?
2
What is the thousands digit of 1665?
1
What is the hundreds digit of 10188?
1
What is the tens digit of 514?
1
What is the units digit of 4355?
5
What is the tens digit of 10667?
6
What is the units digit of 35?
5
What is the units digit of 20955?
5
What is the hundreds digit of 175?
1
What is the thousands digit of 3401?
3
What is the thousands digit of 39505?
9
What is the thousands digit of 2198?
2
What is the units digit of 4028?
8
What is the hundreds digit of 51810?
8
What is the units digit of 6465?
5
What is the thousands digit of 1667?
1
What is the ten thousands digit of 17594?
1
What is the units digit of 7392?
2
What is the hundred thousands digit of 176076?
1
What is the ten thousands digit of 18778?
1
What is the tens digit of 6440?
4
What is the units digit of 5048?
8
What is the ten thousands digit of 84344?
8
What is the thousands digit of 12756?
2
What is the hundreds digit of 14163?
1
What is the units digit of 404?
4
What is the thousands digit of 9600?
9
What is the thousands digit of 17336?
7
What is the tens digit of 12360?
6
What is the units digit of 1293?
3
What is the units digit of 908?
8
What is the thousands digit of 3031?
3
What is the tens digit of 835?
3
What is the hundreds digit of 4109?
1
What is the ten thousands digit of 62705?
6
What is the hundreds digit of 2309?
3
What is the thousands digit of 2727?
2
What is the ten thousands digit of 50340?
5
What is the units digit of 120?
0
What is the ten thousands digit of 30816?
3
What is the units digit of 57166?
6
What is the tens digit of 1087?
8
What is the tens digit of 18681?
8
What is the units digit of 2949?
9
What is the units digit of 8111?
1
What is the units digit of 8099?
9
What is the units digit of 122734?
4
What is the units digit of 48?
8
What is the ten thousands digit of 16081?
1
What is the tens digit of 762?
6
What is the units digit of 7060?
0
What is the tens digit of 3629?
2
What is the tens digit of 80225?
2
What is the hundreds digit of 7131?
1
What is the tens digit of 3835?
3
What is the thousands digit of 6619?
6
What is the thousands digit of 2295?
2
What is the tens digit of 45441?
4
What is the ten thousands digit of 27699?
2
What is the tens digit of 758?
5
What is the units digit of 711?
1
What is the thousands digit of 4784?
4
What is the ten thousands digit of 62984?
6
What is the units digit of 2485?
5
What is the hundreds digit of 3964?
9
What is the tens digit of 77067?
6
What is the tens digit of 611?
1
What is the units digit of 5257?
7
What is the tens digit of 3176?
7
What is the units digit of 85?
5
What is the tens digit of 13518?
1
What is the thousands digit of 14966?
4
What is the tens digit of 18832?
3
What is the hundreds digit of 392?
3
What is the hundreds digit of 915?
9
What is the tens digit of 12748?
4
What is the tens digit of 10514?
1
What is the tens digit of 132484?
8
What is the ten thousands digit of 50185?
5
What is the tens digit of 1136?
3
What is the hundreds digit of 537?
5
What is the hundreds digit of 8980?
9
What is the tens digit of 7288?
8
What is the hundreds digit of 1342?
3
What is the hundreds digit of 2272?
2
What is the hundreds digit of 2649?
6
What is the tens digit of 1261?
6
What is the units digit of 2?
2
What is the ten thousands digit of 65422?
6
What is the tens digit of 26805?
0
What is the thousands digit of 65648?
5
What is the units digit of 2252?
2
What is the hundreds digit of 2588?
5
What is the hundreds digit of 4364?
3
What is the thousands digit of 30176?
0
What is the hundreds digit of 15453?
4
What is the hundreds digit of 627?
6
What is the tens digit of 1359?
5
What is the hundreds digit of 9731?
7
What is the units digit of 98?
8
What is the units digit of 2832?
2
What is the tens digit of 101152?
5
What is the hundreds digit of 5217?
2
What is the hundreds digit of 702?
7
What is the units digit of 1943?
3
What is the units digit of 548?
8
What is the hundreds digit of 2633?
6
What is the units digit of 1888?
8
What is the units digit of 8870?
0
What is the units digit of 13156?
6
What is the hundreds digit of 617?
6
What is the tens digit of 1014?
1
What is the tens digit of 5915?
1
What is the tens digit of 3355?
5
What is the thousands digit of 2079?
2
What is the tens digit of 803?
0
What is the tens digit of 22?
2
What is the units digit of 4367?
7
What is the hundreds digit of 10088?
0
What is the units digit of 94017?
7
What is the units digit of 196?
6
What is the tens digit of 467?
6
What is the tens digit of 1986?
8
What is the ten thousands digit of 74984?
7
What is the units digit of 3593?
3
What is the thousands digit of 85085?
5
What is the hundreds digit of 32341?
3
What is the tens digit of 4437?
3
What is the units digit of 8209?
9
What is the thousands digit of 1515?
1
What is the thousands digit of 1262?
1
What is the tens digit of 33183?
8
What is the hundreds digit of 54773?
7
What is the units digit of 6872?
2
What is the thousands digit of 14522?
4
What is the tens digit of 1000?
0
What is the thousands digit of 38018?
8
What is the tens digit of 22543?
4
What is the ten thousands digit of 16572?
1
What is the tens digit of 1037?
3
What is the hundreds digit of 147627?
6
What is the hundreds digit of 811?
8
What is the hundreds digit of 69882?
8
What is the thousands digit of 3208?
3
What is the thousands digit of 2853?
2
What is the thousands digit of 1843?
1
What is the tens digit of 744?
4
What is the ten thousands digit of 19450?
1
What is the thousands digit of 9663?
9
What is the tens digit of 30138?
3
What is the hundreds digit of 3026?
0
What is the tens digit of 4813?
1
What is the units digit of 52797?
7
What is the units digit of 3957?
7
What is the ten thousands digit of 58241?
5
What is the tens digit of 11879?
7
What is the hundreds digit